r of 4473063 and 345?
69
What is the highest common factor of 78330360 and 10?
10
Calculate the greatest common divisor of 38 and 1327760052.
38
Calculate the highest common divisor of 6650 and 7837900.
350
What is the highest common divisor of 450373990 and 1195?
1195
Calculate the greatest common factor of 194523944 and 472.
472
What is the highest common factor of 781954 and 21206?
46
What is the greatest common factor of 1359808 and 892?
4
Calculate the highest common divisor of 7659 and 108054.
207
What is the greatest common divisor of 4 and 17004362?
2
Calculate the greatest common factor of 2312 and 6159746.
578
What is the highest common factor of 26921070 and 99?
99
What is the highest common factor of 990153732 and 12?
12
What is the greatest common factor of 232 and 79503616?
232
What is the highest common divisor of 130 and 471621085?
65
What is the greatest common divisor of 55815 and 71065?
305
What is the highest common factor of 837019 and 5?
1
Calculate the highest common divisor of 963964288 and 56.
56
Calculate the highest common divisor of 10979423 and 2366.
1183
What is the highest common factor of 6357 and 40521?
39
What is the highest common divisor of 432 and 10928952?
216
What is the greatest common factor of 7696525 and 775?
775
Calculate the greatest common divisor of 118395445 and 105.
35
What is the greatest common factor of 2304 and 132309?
9
Calculate the greatest common divisor of 51997 and 5771.
29
What is the greatest common factor of 16075506 and 9894?
102
Calculate the highest common factor of 33921895 and 4025.
805
Calculate the highest common factor of 14585 and 22933454.
2917
What is the greatest common factor of 1484 and 628124?
28
What is the highest common divisor of 113997782 and 464?
58
Calculate the greatest common factor of 2286 and 81546.
6
Calculate the highest common divisor of 33520837 and 938.
469
What is the highest common factor of 33540 and 184925?
65
Calculate the greatest common divisor of 46152 and 214056.
72
What is the highest common factor of 68 and 1174608404?
68
Calculate the greatest common divisor of 63917308 and 364.
364
What is the greatest common factor of 26517929 and 4827?
1609
What is the greatest common factor of 333 and 46361111?
37
Calculate the highest common divisor of 12949257 and 1785.
51
What is the highest common divisor of 1707844 and 884928?
1676
Calculate the greatest common factor of 115604624 and 36992.
4624
Calculate the greatest common factor of 144 and 137210032.
16
What is the greatest common factor of 30452 and 97636725?
7613
What is the highest common divisor of 235452250 and 2750?
2750
What is the highest common divisor of 3448585 and 1813?
259
Calculate the highest common factor of 162336 and 248844.
1068
Calculate the greatest common divisor of 917554 and 141768.
3938
What is the highest common factor of 459221670 and 290?
290
Calculate the greatest common divisor of 315710 and 19960.
10
What is the highest common factor of 2016 and 6555834?
18
What is the greatest common divisor of 7020 and 135391230?
3510
Calculate the greatest common factor of 1239070 and 396845.
2855
Calculate the highest common divisor of 12 and 5929212.
12
Calculate the greatest common divisor of 108298150 and 50.
50
What is the greatest common factor of 120 and 237624720?
120
Calculate the highest common factor of 138866433 and 534.
267
Calculate the highest common factor of 9101281 and 27258.
413
Calculate the greatest common divisor of 324000 and 1500.
1500
Calculate the greatest common factor of 20783265 and 56888.
547
Calculate the highest common divisor of 46 and 118732647.
23
What is the greatest common factor of 448650 and 1770?
30
What is the highest common divisor of 968780 and 15340?
1180
What is the greatest common divisor of 188 and 4442252?
188
What is the greatest common divisor of 21985766 and 506?
22
Calculate the greatest common factor of 1714324 and 18490.
86
What is the highest common factor of 36802053 and 1395?
279
What is the highest common factor of 914815659 and 1713?
1713
Calculate the greatest common factor of 23023235 and 465.
155
What is the highest common factor of 8196 and 5948?
4
Calculate the highest common factor of 89366671 and 323.
323
Calculate the highest common divisor of 64 and 758122224.
16
What is the highest common factor of 4719 and 3409417?
121
Calculate the highest common divisor of 5110 and 9818690.
70
Calculate the greatest common divisor of 12068904 and 146324.
628
Calculate the greatest common factor of 7752 and 7608.
24
Calculate the greatest common factor of 12497254 and 490.
98
What is the greatest common divisor of 19779455 and 4720?
295
What is the highest common divisor of 8180 and 232260?
20
Calculate the greatest common divisor of 55 and 473504735.
55
What is the greatest common factor of 2484 and 3653952?
12
What is the greatest common factor of 391468 and 7700?
308
Calculate the highest common factor of 138086115 and 258.
129
What is the highest common divisor of 216776571 and 561?
561
Calculate the highest common divisor of 173518 and 1434530.
1718
Calculate the highest common divisor of 902044 and 2356.
76
What is the greatest common factor of 73758230 and 294?
98
What is the highest common factor of 87886801 and 877?
877
Calculate the greatest common factor of 145207472 and 992.
496
Calculate the greatest common divisor of 236 and 100436054.
118
Calculate the greatest common factor of 1755819 and 73788.
1677
What is the greatest common divisor of 40383842 and 10634?
818
Calculate the greatest common divisor of 2294272 and 22400.
128
What is the highest common divisor of 161929 and 332107?
113
Calculate the highest common divisor of 4736345 and 14030.
305
Calculate the greatest common factor of 2212 and 173572.
28
What is the greatest common factor of 16519682 and 52768?
3298
Calculate the greatest common divisor of 83503 and 4479853.
553
Calculate the highest common factor of 1390748 and 708.
236
What is the greatest common factor of 18888 and 51672?
24
What is the greatest common factor of 48612 and 78528?
12
Calculate the greatest common divisor of 35 and 10308746.
7
Calculate the greatest common divisor of 38 and 1494958.
38
What is the highest common divisor of 3092 and 62091998?
1546
Calculate the greatest common factor of 3036 and 9054804.
132
What is the greatest common factor of 16335 and 706530?
165
Calculate the highest common divisor of 80871440 and 780.
260
What is the highest common divisor of 3844 and 8406828?
3844
Calculate the greatest common divisor of 2020219 and 413.
59
Calculate the highest common divisor of 71299 and 4514.
37
Calculate the highest common factor of 42 and 145002333.
21
What is the highest common factor of 102 and 3361546?
34
Calculate the highest common divisor of 15603035 and 21805.
3115
What is the greatest common factor of 3535 and 107406935?
505
Calculate the highest common factor of 180 and 4528882080.
180
Calculate the greatest common divisor of 7802 and 648562.
166
What is the highest common factor of 6966 and 28048599?
3483
Calculate the highest common factor of 103906616 and 1760.
88
What is the highest common divisor of 444207 and 14991?
789
Calculate the highest common divisor of 7842 and 174372098.
2614
Calculate the greatest common factor of 1047121648 and 376.
376
What is the highest common divisor of 610977717 and 3?
3
Calculate the highest common factor of 1351 and 1917262.
193
Calculate the highest common divisor of 750 and 78487125.
375
Calculate the highest common divisor of 34104 and 163002504.
4872
What is the greatest common factor of 196 and 16744378?
98
What is the greatest common divisor of 8163639 and 319?
11
What is the highest common factor of 3118670 and 60?
10
Calculate the highest common divisor of 5719008 and 320.
32
Calculate the greatest common factor of 232820 and 37260.
20
What is the greatest common factor of 272431 and 2761324?
199
Calculate the highest common factor of 950 and 85631250.
50
What is the greatest common divisor of 815616647 and 6221?
6221
Calculate the greatest common divisor of 63115 and 33145.
5
What is the greatest common divisor of 77173 and 46169?
337
Calculate the highest common factor of 119920 and 5570.
10
Calculate